798 is divided by 496?
494
Calculate the remainder when 10005 is divided by 4982.
41
Calculate the remainder when 8092 is divided by 1073.
581
Calculate the remainder when 20102 is divided by 1192.
1030
Calculate the remainder when 10316 is divided by 3418.
62
What is the remainder when 195097 is divided by 44?
1
What is the remainder when 6469 is divided by 2146?
31
Calculate the remainder when 24663 is divided by 25.
13
Calculate the remainder when 37428 is divided by 382.
374
What is the remainder when 904033 is divided by 388?
381
What is the remainder when 68232 is divided by 170?
62
Calculate the remainder when 11206 is divided by 447.
31
Calculate the remainder when 613048 is divided by 30.
28
What is the remainder when 71346 is divided by 4?
2
Calculate the remainder when 987071 is divided by 11.
8
What is the remainder when 15681 is divided by 1008?
561
What is the remainder when 3547 is divided by 40?
27
Calculate the remainder when 65236 is divided by 21744.
4
What is the remainder when 3332 is divided by 137?
44
Calculate the remainder when 28709 is divided by 3744.
2501
Calculate the remainder when 27526 is divided by 42.
16
What is the remainder when 165126 is divided by 14?
10
What is the remainder when 5721 is divided by 1096?
241
What is the remainder when 103741 is divided by 8?
5
What is the remainder when 2583556 is divided by 153?
151
Calculate the remainder when 7306 is divided by 29.
27
Calculate the remainder when 33861 is divided by 674.
161
What is the remainder when 5330 is divided by 33?
17
Calculate the remainder when 2979027 is divided by 52.
51
Calculate the remainder when 4606 is divided by 471.
367
What is the remainder when 1391 is divided by 650?
91
What is the remainder when 116735 is divided by 143?
47
What is the remainder when 1598 is divided by 113?
16
What is the remainder when 86971 is divided by 87?
58
What is the remainder when 968 is divided by 85?
33
What is the remainder when 15152 is divided by 63?
32
Calculate the remainder when 166382 is divided by 63.
62
Calculate the remainder when 2830 is divided by 402.
16
What is the remainder when 2676127 is divided by 1838?
1837
What is the remainder when 1569 is divided by 23?
5
What is the remainder when 50028 is divided by 459?
456
What is the remainder when 413294 is divided by 373?
10
What is the remainder when 1743 is divided by 266?
147
What is the remainder when 66124 is divided by 1221?
190
Calculate the remainder when 11853 is divided by 2265.
528
What is the remainder when 101388 is divided by 3?
0
Calculate the remainder when 9111 is divided by 134.
133
Calculate the remainder when 9002 is divided by 2248.
10
What is the remainder when 4611 is divided by 202?
167
What is the remainder when 1605 is divided by 1153?
452
What is the remainder when 359176 is divided by 1133?
15
What is the remainder when 33707 is divided by 3692?
479
What is the remainder when 682281 is divided by 56856?
9
What is the remainder when 1697 is divided by 40?
17
What is the remainder when 1962572 is divided by 725?
722
What is the remainder when 37793 is divided by 12?
5
Calculate the remainder when 221 is divided by 116.
105
What is the remainder when 1394 is divided by 12?
2
What is the remainder when 4907 is divided by 1624?
35
Calculate the remainder when 359358 is divided by 1331.
1319
Calculate the remainder when 33380 is divided by 144.
116
Calculate the remainder when 3173 is divided by 442.
79
Calculate the remainder when 20734 is divided by 81.
79
What is the remainder when 2647 is divided by 223?
194
Calculate the remainder when 3457 is divided by 859.
21
Calculate the remainder when 19222 is divided by 2391.
94
Calculate the remainder when 869 is divided by 469.
400
What is the remainder when 315839 is divided by 210?
209
What is the remainder when 454263 is divided by 208?
199
Calculate the remainder when 94948 is divided by 797.
105
Calculate the remainder when 1995 is divided by 643.
66
Calculate the remainder when 239303 is divided by 177.
176
What is the remainder when 5659 is divided by 47?
19
Calculate the remainder when 15056 is divided by 1095.
821
Calculate the remainder when 865 is divided by 25.
15
Calculate the remainder when 1860 is divided by 567.
159
What is the remainder when 1005 is divided by 898?
107
What is the remainder when 512 is divided by 12?
8
What is the remainder when 7553 is divided by 686?
7
Calculate the remainder when 43529 is divided by 6216.
17
Calculate the remainder when 334430 is divided by 26.
18
What is the remainder when 4451596 is divided by 50?
46
Calculate the remainder when 9591 is divided by 156.
75
What is the remainder when 11689 is divided by 5559?
571
Calculate the remainder when 89185 is divided by 4693.
18
What is the remainder when 38379 is divided by 38?
37
What is the remainder when 156745 is divided by 101?
94
Calculate the remainder when 6596 is divided by 6592.
4
What is the remainder when 7459 is divided by 24?
19
Calculate the remainder when 1484 is divided by 106.
0
What is the remainder when 18813 is divided by 1860?
213
Calculate the remainder when 73257 is divided by 24415.
12
Calculate the remainder when 1457691 is divided by 18.
15
Calculate the remainder when 244309 is divided by 294.
289
What is the remainder when 35642 is divided by 506?
222
What is the remainder when 1895 is divided by 268?
19
Calculate the remainder when 43473 is divided by 299.
118
Calculate the remainder when 2919393 is divided by 422.
419
Calculate the remainder when 137314 is divided by 436.
410
What is the remainder when 5816198 is divided by 50?
48
What is the remainder when 81181 is divided by 464?
445
Calculate the remainder when 27202 is divided by 3020.
22
Calculate the remainder when 55123 is divided by 27560.
3
Calculate the remainder when 380 is divided by 34.
6
What is the remainder when 968398 is divided by 31?
20
What is the remainder when 6489 is divided by 3182?
125
Calculate the remainder when 2735 is divided by 152.
151
Calculate the remainder when 19491 is divided by 78.
69
Calculate the remainder when 1200 is divided by 774.
426
What is the remainder when 1941 is divided by 51?
3
Calculate the remainder when 7660 is divided by 261.
91
What is the remainder when 3829750 is divided by 1237?
1235
Calculate the remainder when 4068 is divided by 254.
4
What is the remainder when 2559 is divided by 141?
21
Calculate the remainder when 274461 is divided by 671.
22
Calculate the remainder when 65375 is divided by 337.
334
Calculate the remainder when 7898 is divided by 985.
18
Calculate the remainder when 7151 is divided by 610.
441
Calculate the remainder when 17452 is divided by 6.
4
What is the remainder when 11467 is divided by 6?
1
Calculate the remainder when 1052 is divided by 317.
101
Calculate the remainder when 984 is divided by 22.
16
What is the remainder when 1188 is divided by 537?
114
What is the remainder when 24603 is divided by 188?
163
What is the remainder when 492666 is divided by 4692?
6
Calculate the remainder when 245388 is divided by 4.
0
Calculate the remainder when 237933 is divided by 15.
3
What is the remainder when 54381 is divided by 18076?
153
What is the remainder when 306954 is divided by 26?
24
Calculate the remainder when 820120 is divided by 405.
400
Calculate the remainder when 1859 is divided by 81.
77
What is the remainder when 21538 is divided by 3032?
314
What is the remainder when 52417 is divided by 273?
1
What is the remainder when 33973 is divided by 16979?
15
Calculate the remainder when 677048 is divided by 142.
134
Calculate the remainder when 17813 is divided by 2.
1
What is the remainder when 3334 is divided by 86?
66
What is the remainder when 158930 is divided by 228?
14
Calculate the remainder when 142301 is divided by 222.
221
Calculate the remainder when 1369366 is divided by 936.
934
What is the remainder when 52873 is divided by 430?
413
What is the remainder when 3401 is divided by 689?
645
Calculate the remainder when 20302 is divided by 432.
430
Calculate the remainder when 2463 is divided by 2299.
164
Calculate the remainder when 12628 is divided by 973.
952
What is the remainder when 254193 is divided by 26?
17
What is the remainder when 